
86
Calculate the highest common factor of 378 and 54.
54
Calculate the greatest common factor of 517 and 121.
11
Calculate the greatest common factor of 427 and 7.
7
What is the highest common divisor of 27 and 513?
27
What is the greatest common factor of 1182 and 42?
6
What is the highest common factor of 938 and 536?
134
Calculate the greatest common divisor of 4 and 56.
4
Calculate the greatest common divisor of 13203 and 81.
81
Calculate the greatest common divisor of 35283 and 57.
57
What is the highest common factor of 2952 and 3280?
328
Calculate the greatest common divisor of 464 and 174.
58
Calculate the greatest common factor of 6980 and 20.
20
What is the highest common divisor of 172 and 8?
4
Calculate the greatest common factor of 38332 and 28.
28
What is the greatest common divisor of 549 and 27?
9
Calculate the greatest common divisor of 1144 and 616.
88
What is the highest common divisor of 15 and 20?
5
Calculate the highest common divisor of 738 and 18.
18
Calculate the greatest common factor of 90 and 2304.
18
What is the greatest common factor of 1034 and 5922?
94
Calculate the highest common divisor of 4 and 5492.
4
What is the greatest common divisor of 6972 and 336?
84
Calculate the highest common divisor of 1350 and 54.
54
Calculate the highest common divisor of 255 and 935.
85
Calculate the greatest common divisor of 1895 and 65.
5
What is the greatest common divisor of 1836 and 68?
68
Calculate the greatest common factor of 34 and 9418.
34
Calculate the highest common divisor of 96 and 8.
8
What is the highest common divisor of 51004 and 82?
82
What is the highest common factor of 147 and 245?
49
What is the highest common factor of 25 and 2250?
25
What is the highest common factor of 53 and 424?
53
What is the greatest common divisor of 72 and 96?
24
What is the greatest common factor of 2584 and 72?
8
What is the greatest common divisor of 85 and 345?
5
Calculate the highest common factor of 2 and 6928.
2
What is the greatest common divisor of 24 and 18?
6
What is the greatest common divisor of 56 and 21?
7
Calculate the greatest common factor of 37 and 111.
37
What is the highest common factor of 8405 and 205?
205
What is the highest common divisor of 608 and 76?
76
What is the greatest common factor of 312 and 1014?
78
Calculate the highest common divisor of 2175 and 165.
15
Calculate the highest common factor of 52 and 1872.
52
Calculate the highest common divisor of 69 and 2139.
69
Calculate the highest common factor of 432 and 16.
16
Calculate the greatest common divisor of 28 and 6237.
7
Calculate the highest common divisor of 6 and 22.
2
What is the greatest common divisor of 60 and 12?
12
Calculate the highest common divisor of 828 and 644.
92
Calculate the greatest common divisor of 749 and 287.
7
What is the highest common factor of 36 and 342?
18
Calculate the greatest common divisor of 9269 and 26.
13
Calculate the highest common factor of 12312 and 608.
152
Calculate the highest common factor of 52 and 1183.
13
Calculate the greatest common factor of 17405 and 413.
59
What is the highest common factor of 5384 and 8?
8
What is the highest common divisor of 1717 and 17?
17
What is the highest common factor of 768 and 288?
96
Calculate the highest common factor of 243 and 9.
9
What is the greatest common factor of 3692 and 52?
52
What is the highest common divisor of 731 and 43?
43
What is the highest common factor of 2430 and 120?
30
Calculate the greatest common divisor of 410 and 41.
41
Calculate the greatest common divisor of 2212 and 28.
28
Calculate the highest common divisor of 90 and 108.
18
Calculate the greatest common divisor of 60 and 64.
4
Calculate the greatest common factor of 3857 and 133.
133
Calculate the highest common divisor of 60 and 265.
5
What is the highest common factor of 5221 and 227?
227
What is the highest common factor of 171 and 72?
9
Calculate the greatest common divisor of 6 and 57.
3
Calculate the greatest common divisor of 2632 and 1504.
376
Calculate the highest common divisor of 5566 and 1452.
242
What is the greatest common divisor of 540 and 1395?
45
Calculate the greatest common factor of 25 and 59.
1
Calculate the greatest common divisor of 315 and 1071.
63
What is the greatest common factor of 4625 and 74?
37
Calculate the greatest common divisor of 10 and 110.
10
What is the highest common factor of 5 and 10935?
5
Calculate the greatest common factor of 2967 and 258.
129
What is the greatest common factor of 63 and 77?
7
What is the greatest common divisor of 94 and 282?
94
What is the highest common factor of 2672 and 64?
16
Calculate the highest common factor of 2563 and 253.
11
What is the greatest common divisor of 111 and 37?
37
What is the greatest common factor of 288 and 752?
16
What is the highest common factor of 19728 and 4?
4
What is the greatest common divisor of 178 and 2?
2
What is the highest common divisor of 9 and 333?
9
What is the greatest common factor of 14 and 126?
14
Calculate the greatest common factor of 570 and 26505.
285
What is the highest common factor of 90 and 180?
90
Calculate the greatest common divisor of 154 and 462.
154
Calculate the greatest common divisor of 464 and 4611.
29
What is the greatest common divisor of 30 and 960?
30
What is the highest common divisor of 114 and 1824?
114
What is the highest common factor of 13 and 52?
13
What is the highest common factor of 168 and 350?
14
What is the highest common factor of 96 and 156?
12
Calculate the greatest common factor of 18 and 606.
6
What is the highest common factor of 375 and 27?
3
Calculate the greatest common factor of 34 and 918.
34
Calculate the greatest common divisor of 3375 and 15.
15
What is the highest common factor of 933 and 12?
3
What is the highest common factor of 11 and 4488?
11
Calculate the highest common factor of 26 and 16.
2
What is the highest common factor of 238 and 14?
14
Calculate the greatest common divisor of 24 and 84.
12
Calculate the highest common divisor of 8 and 40.
8
What is the greatest common factor of 75 and 2775?
75
Calculate the highest common factor of 8000 and 64.
64
What is the greatest common factor of 6 and 30882?
6
Calculate the highest common divisor of 25 and 395.
5
Calculate the greatest common factor of 5429 and 61.
61
Calculate the greatest common divisor of 28 and 21.
7
Calculate the greatest common divisor of 21 and 6531.
21
What is the highest common factor of 4212 and 52?
52
Calculate the greatest common factor of 67 and 1.
1
What is the greatest common divisor of 3165 and 45?
15
Calculate the greatest common divisor of 196 and 37289.
49
What is the highest common factor of 63 and 1631?
7
Calculate the greatest common factor of 910 and 1430.
130
Calculate the highest common factor of 440 and 3355.
55
Calculate the greatest common divisor of 1395 and 135.
45
What is the highest common divisor of 17 and 697?
17
Calculate the highest common factor of 133 and 38.
19
Calculate the greatest common factor of 66 and 1562.
22
Calculate the highest common divisor of 738 and 18.
18
Calculate the highest common factor of 16 and 824.
8
Calculate the greatest common factor of 96 and 3.
3
Calculate the greatest common divisor of 33 and 6611.
11
Calculate the greatest common divisor of 19 and 1558.
19
What is the highest common divisor of 585 and 99?
9
What is the highest common factor of 51 and 1479?
51
What is the highest common divisor of 12 and 5532?
12
What is the greatest common factor of 3 and 9?
3
What is the greatest common factor of 183 and 30561?
183
What is the greatest common factor of 218 and 4469?
109
Calculate the highest common factor of 424 and 53.
53
Calculate the greatest common divisor of 41 and 2542.
41
What is the highest common divisor of 5 and 3645?
5
What is the highest common divisor of 6201 and 429?
39
Calculate the highest common factor of 6 and 12912.
6
What is the greatest common factor of 8382 and 66?
66
Calculate the highest common divisor of 98 and 1274.
98
What is the highest common divisor of 406 and 12122?
58
Calculate the highest common factor of 29 and 319.
29
Calculate the highest common factor of 45 and 1065.
15
What is the highest common divisor of 8576 and 256?
128
Calculate the gre